emainder when (-1 - -3*1) + 64 is divided by o/3 - 12/(-72)*136.
20
Let k = -8 - -7. Let i = k - -14. Calculate the remainder when 38 + ((2 - 5) + -2 - -1) is divided by i.
8
Let t(n) = n**2 + 62*n + 931. What is the remainder when 2996 is divided by t(-37)?
2
Let y be -7 + 1*(-3)/(-1). Let f(v) = v + 44. What is the remainder when -24*(-1)/(y/(-7)) is divided by f(-29)?
12
Let z = -505 + 522. Let f(b) = 11*b**2 + b + 1. Let j be f(2). Suppose -3*a = -2*a - j. Calculate the remainder when a is divided by z.
13
Let m = -3253 - -3536. What is the remainder when 5375 is divided by m?
281
Suppose 2*u - 2 = -0. Let a be ((-1)/1 + u)/(-4 + 5). Suppose 27*i - 22*i - 30 = a. What is the remainder when i is divided by 2?
0
Let u(o) = 8*o**3 - 5*o**2 - 4*o + 11. Let s(b) = b**3 - b**2 + b - 2. Let c(x) = -6*s(x) + u(x). What is the remainder when c(4) is divided by 26?
23
What is the remainder when 979 is divided by 6/(130/(-91) + 748/504)?
7
Suppose 0*y + 2*f = 3*y - 85, -3*y - 2*f = -65. Let w = y + 8. Suppose 4*n = -20, -2*d = n - 0*n - 321. Calculate the remainder when d is divided by w.
31
Let f(w) = w**2 + 2*w - 24. Let d be f(0). Let t = 11 - d. Let y = t - -12. Calculate the remainder when y is divided by 12.
11
Let p(x) = x**2 + 3*x - 16. Let s(q) = 2*q + 4. Let f be (-1)/2*1 + 1/2. Let l be s(f). What is the remainder when 21 is divided by p(l)?
9
Suppose 161106 + 66058 = 98*k. What is the remainder when k is divided by 29?
27
Suppose 7*t + 148 = 176. Suppose -3*o + 171 = 3*k, 2*o + 0*o - 112 = -t*k. Calculate the remainder when 63 is divided by o.
5
What is the remainder when 456 is divided by (154/(-2))/((-56)/112)?
148
Let v(w) = -2*w**3 + w**2 - 2. Suppose -c - 2*h = 2*c - 400, -292 = -2*c + 5*h. Let k = c - 67. Calculate the remainder when k is divided by v(-2).
15
Let z be ((-13)/((-39)/(-8)))/(2/111). Let d = -55 - z. Let a = 99 - d. Calculate the remainder when a is divided by 3.
0
Let c = -6889 + 6968. What is the remainder when 157 is divided by c?
78
Let i be 12/(0 + 9/6). Suppose 6*g + 20 = m + 4*g, -4*g = 4*m - 44. What is the remainder when m is divided by 1/4*1*i?
0
Let y(p) = -2*p**3 + 26*p**2 - 8*p - 21. Let h be y(12). Suppose 2007 - h = 34*w. Calculate the remainder when 136 is divided by w.
28
Suppose 0 = 5*t + z + 5, -5*t + z - 5*z = 5. Let u(j) = -j**3 - 6*j**2 - 3*j + 13. Let f be u(-5). What is the remainder when 30 is divided by 22*(t - f)/(-8)?
8
Suppose 41*f = 36*f - g + 269, 0 = -3*f - g + 161. What is the remainder when 1133 is divided by f?
53
Suppose 4*w + 91 + 149 = 0. Let v = w + 73. Let o = -1 + 5. What is the remainder when v is divided by o?
1
Let h(b) = -b**3 + 7*b**2 - 4*b - 4. Let y be h(6). Let t be (-60)/(-9) - y/12. Suppose -t*j = -125 + 17. What is the remainder when j is divided by 5?
3
Suppose 2*w - 3*w = -3*q + 12, 3*q = 2*w + 27. What is the remainder when 110 is divided by 5 - -2*(-5)/(w/6)?
2
Let z(k) = -36*k + 1354. What is the remainder when 78 is divided by z(37)?
12
Let j = -61 + 119. What is the remainder when j is divided by 74/(6*(-4 - 91/(-21)))?
21
What is the remainder when 193 is divided by (5 + (-14 - -12))*17?
40
Let x(d) = d**2 + 81*d - 1773. Calculate the remainder when 317 is divided by x(18).
2
Suppose 824774 = 91*g - 459826 - 353673. What is the remainder when g is divided by 65?
63
Suppose -2*m - m = -3*v + 5865, 0 = 4*m + 8. Calculate the remainder when v is divided by 11.
6
Let m(j) = 3*j**3 - 12*j**2 - 2*j + 20. Let v(c) = 8*c**3 - 25*c**2 - 5*c + 39. Let n(y) = -5*m(y) + 2*v(y). What is the remainder when n(-8) is divided by 31?
13
Let x(t) = -t**3 + 11*t**2 - 21*t + 29. Let q be x(9). Suppose 0 = 3*u - 2*g - 133, 3*g - 93 = -q*u - 0*g. What is the remainder when u is divided by 26?
19
Suppose 30*k = 27*k - 4*u + 2488, 0 = -4*u + 16. What is the remainder when k is divided by 25?
24
Let l = 565 + -551. Calculate the remainder when 66 is divided by (-1 + 35/l)*6.
3
Let x = -104 + 106. Suppose 0 = -5*z + 3*z - 5*v + 4, -5*v = -x*z + 44. What is the remainder when 107 + -1 + (-1 - 0) is divided by z?
9
Let n = 134 - 149. Let b(z) = z**3 + 17*z**2 + 29*z - 5. Calculate the remainder when 17 is divided by b(n).
7
Let j = 257 + -265. Calculate the remainder when (-2)/8 - 258/j is divided by 23.
9
Let h = 11 + -7. Suppose 4*a - 4*v - 84 = -8, -a + 5*v + 3 = 0. What is the remainder when (-5 + h)/((-1)/a) is divided by 13?
10
What is the remainder when (-10)/(-65) + (-21216)/(-507) is divided by 19?
4
Let l(w) = 13*w + 7. Suppose 968 = 191*j - 180*j. Calculate the remainder when j is divided by l(2).
22
Let g(x) = -3*x**3 + 9*x**2 + 25*x - 16. Calculate the remainder when g(-7) is divided by 21.
19
Suppose 4*l + 4 = 3*n - 0*n, -5*l = 5*n + 40. What is the remainder when (-460)/(-12)*(-15)/(-25) is divided by (-1 + (-2)/l)*-12?
5
Suppose -737*y = -749*y + 876. What is the remainder when 556 is divided by y?
45
Suppose 0 = -5*h - 0*h - 3*m + 2498, -5*h + 2492 = -3*m. Calculate the remainder when h is divided by 50.
49
Let m be (-10)/(-9)*475 + (-4)/(-18). Suppose -52*p + 8*p + m = 0. What is the remainder when 78 is divided by p?
6
Let y(q) be the second derivative of -q**3/2 + 44*q**2 + 49*q. What is the remainder when 6/10*(-1 - -11) is divided by y(28)?
2
Let w(v) = -v**2 + 19*v + 33. What is the remainder when w(15) is divided by (-2)/4 + (-475)/(-10)?
46
Let u(l) = 8*l + 126. Let t be u(9). Let q = t + -159. What is the remainder when 350 is divided by q?
38
Let y(g) = -g**2 + 302 + 312 - 15*g - 587. Calculate the remainder when y(-15) is divided by 14.
13
Let f(p) = -6*p**2 - 12*p**2 + 20*p**2 - 1 + 0*p - p. What is the remainder when (7 + -5)/((-120)/(-117) - 1) is divided by f(-2)?
6
Let m(c) = 201*c**2 - 199*c + 397. Calculate the remainder when m(2) is divided by 62.
59
Let k(g) = 55*g. Suppose -47 = -2*t + 43. What is the remainder when k(4) is divided by t?
40
Let v be 2*2/(-4)*-4. Suppose -v*w = -3*j + 66, 0*j - 3*w + 88 = 4*j. What is the remainder when 106 is divided by j?
18
Let f(z) = 31*z**2 - 182*z - 182. What is the remainder when 3901 is divided by f(-1)?
26
Suppose 0 = -1364*h + 1018*h + 600656. What is the remainder when h is divided by 1736?
0
Let a(l) = l**3 - 15*l**2 + 16*l - 15. Let o be a(13). Let s = 240 + o. Let p = s + -90. Calculate the remainder when 18 is divided by p.
3
Suppose 26 - 170 = -4*z. Suppose -6*x + z + 18 = 0. Let u(f) = -f**2 + 10*f + 4. What is the remainder when 24 is divided by u(x)?
11
What is the remainder when 3003/66*30/7 is divided by 114?
81
Let n = -2669 + 2993. What is the remainder when n is divided by 47?
42
Let c(r) = r**2 - 6*r - 65. Calculate the remainder when 749 is divided by c(14).
44
Let i(g) = 13*g + 501. What is the remainder when i(-11) is divided by 7?
1
Let s be 1 + (-2 - -4)/2. Let i be 740/30 - s/(-6). Suppose -22*j - 60 = -i*j. What is the remainder when 45 is divided by j?
5
Suppose -3*r = -3, 9*r = 3*d + 13*r - 34. Suppose 0 = 3*v + 36 + 21. Calculate the remainder when (v/2)/((-5)/10) is divided by d.
9
Let t be (960/(-36))/(4/(-48)). Suppose -472*c = -482*c + t. What is the remainder when 89 is divided by c?
25
Let i be 4/14 - 120/(-21). Let r(w) = -14*w - 15. Let c(h) = -9*h - 10. Let s(u) = -8*c(u) + 5*r(u). What is the remainder when 33 is divided by s(i)?
16
Suppose -8*b = -12*b + 512. Suppose 952 + b = -18*d. Let j = 82 - d. What is the remainder when j is divided by 18?
16
Suppose 5*r = -5*q + 2595, -3*r - q - 1573 = -6*r. Let o be (1/(-1))/(r/(-261) + 2). Suppose -9*a + o = -0*a. Calculate the remainder when a is divided by 17.
12
Let p(s) = -s**3 + s**2 + s + 34. Suppose 0 = -6*x + 8*x + 168. Let u = x - -84. Calculate the remainder when 134 is divided by p(u).
32
Let d(o) = -8*o + 134. Let b(i) = -i + 32. Let t be b(22). What is the remainder when d(t) is divided by 35?
19
Let x be 1/(7/(1284 + 4)). Let v = x - 166. Let p = 167 + -116. What is the remainder when p is divided by v?
15
What is the remainder when 2240 is divided by 1/12 + 73/(-12) + 13?
0
Let z(h) = 201*h**2 + 45*h - 50. Suppose x - 18 = 81. Suppose -5*n = -2*n - x. Calculate the remainder when z(1) is divided by n.
31
Let y = -1754 + 2121. Suppose -47*t = -1260 + y. Let d = -93 - -130. What is the remainder when d is divided 